inder when 4948 is divided by 553.
524
What is the remainder when 603 is divided by 170?
93
What is the remainder when 215343 is divided by 55?
18
Calculate the remainder when 193390 is divided by 96686.
18
Calculate the remainder when 87054 is divided by 732.
678
What is the remainder when 1728929 is divided by 211?
206
What is the remainder when 2954 is divided by 1449?
56
Calculate the remainder when 5537 is divided by 2070.
1397
Calculate the remainder when 1073747 is divided by 7255.
7
What is the remainder when 42814 is divided by 202?
192
Calculate the remainder when 22208 is divided by 673.
672
Calculate the remainder when 93951 is divided by 23466.
87
Calculate the remainder when 51220 is divided by 776.
4
What is the remainder when 5104 is divided by 306?
208
Calculate the remainder when 10942 is divided by 5.
2
What is the remainder when 4320 is divided by 697?
138
Calculate the remainder when 1648555 is divided by 98.
97
What is the remainder when 2236 is divided by 137?
44
What is the remainder when 483 is divided by 149?
36
What is the remainder when 13289 is divided by 28?
17
What is the remainder when 216885 is divided by 261?
255
Calculate the remainder when 6107 is divided by 688.
603
What is the remainder when 2120 is divided by 389?
175
Calculate the remainder when 11510 is divided by 20.
10
Calculate the remainder when 64374 is divided by 766.
30
Calculate the remainder when 115140 is divided by 57564.
12
Calculate the remainder when 2523 is divided by 711.
390
What is the remainder when 6768 is divided by 372?
72
What is the remainder when 470649 is divided by 10?
9
Calculate the remainder when 5169 is divided by 343.
24
What is the remainder when 215146 is divided by 1694?
8
What is the remainder when 6455 is divided by 2001?
452
What is the remainder when 16715 is divided by 9?
2
What is the remainder when 10706 is divided by 564?
554
Calculate the remainder when 15087 is divided by 2155.
2
What is the remainder when 2523 is divided by 55?
48
Calculate the remainder when 3400 is divided by 77.
12
What is the remainder when 39686 is divided by 1652?
38
Calculate the remainder when 1079521 is divided by 531.
529
Calculate the remainder when 46254 is divided by 55.
54
What is the remainder when 14953 is divided by 10?
3
What is the remainder when 134015 is divided by 48?
47
Calculate the remainder when 1380 is divided by 68.
20
What is the remainder when 281579 is divided by 361?
360
Calculate the remainder when 1420 is divided by 462.
34
Calculate the remainder when 14419 is divided by 2432.
2259
Calculate the remainder when 7709 is divided by 14.
9
Calculate the remainder when 36956 is divided by 97.
96
What is the remainder when 79487 is divided by 108?
107
Calculate the remainder when 1263 is divided by 202.
51
What is the remainder when 6080 is divided by 2802?
476
Calculate the remainder when 2410 is divided by 105.
100
What is the remainder when 22601 is divided by 89?
84
Calculate the remainder when 1213 is divided by 24.
13
Calculate the remainder when 5734 is divided by 1145.
9
What is the remainder when 20637 is divided by 80?
77
What is the remainder when 2297342 is divided by 512?
510
Calculate the remainder when 51797 is divided by 110.
97
What is the remainder when 3507 is divided by 112?
35
Calculate the remainder when 17947 is divided by 43.
16
What is the remainder when 3866 is divided by 555?
536
Calculate the remainder when 3149 is divided by 4.
1
Calculate the remainder when 8057 is divided by 224.
217
Calculate the remainder when 5617 is divided by 63.
10
What is the remainder when 196725 is divided by 1395?
30
What is the remainder when 18811 is divided by 3735?
136
What is the remainder when 802 is divided by 743?
59
What is the remainder when 157754 is divided by 126?
2
What is the remainder when 11470 is divided by 29?
15
What is the remainder when 2541571 is divided by 267?
265
Calculate the remainder when 107089 is divided by 653.
650
What is the remainder when 36345 is divided by 9081?
21
Calculate the remainder when 7120 is divided by 387.
154
What is the remainder when 424 is divided by 223?
201
Calculate the remainder when 8701 is divided by 4349.
3
Calculate the remainder when 8479 is divided by 3988.
503
Calculate the remainder when 787369 is divided by 169.
167
Calculate the remainder when 3074 is divided by 196.
134
Calculate the remainder when 12033 is divided by 1421.
665
Calculate the remainder when 4057 is divided by 2015.
27
Calculate the remainder when 99995 is divided by 289.
1
Calculate the remainder when 135171 is divided by 44985.
216
What is the remainder when 12021 is divided by 401?
392
What is the remainder when 13115 is divided by 230?
5
Calculate the remainder when 2776 is divided by 15.
1
Calculate the remainder when 53978 is divided by 2550.
428
What is the remainder when 555 is divided by 444?
111
Calculate the remainder when 27182 is divided by 16.
14
Calculate the remainder when 1822 is divided by 303.
4
Calculate the remainder when 5237 is divided by 162.
53
Calculate the remainder when 17078 is divided by 192.
182
Calculate the remainder when 50039 is divided by 7145.
24
Calculate the remainder when 3369 is divided by 417.
33
What is the remainder when 6365 is divided by 44?
29
Calculate the remainder when 3998 is divided by 1982.
34
What is the remainder when 35388 is divided by 2721?
15
Calculate the remainder when 110128 is divided by 781.
7
Calculate the remainder when 41032 is divided by 41018.
14
What is the remainder when 293950 is divided by 4140?
10
Calculate the remainder when 101541 is divided by 115.
111
What is the remainder when 238871 is divided by 75?
71
What is the remainder when 64620 is divided by 3588?
36
Calculate the remainder when 3479 is divided by 433.
15
Calculate the remainder when 39074 is divided by 12878.
440
What is the remainder when 71974 is divided by 727?
1
Calculate the remainder when 14209 is divided by 1774.
17
What is the remainder when 1956 is divided by 1805?
151
Calculate the remainder when 7130 is divided by 445.
10
What is the remainder when 19200 is divided by 582?
576
What is the remainder when 63312 is divided by 974?
2
What is the remainder when 6106 is divided by 357?
37
What is the remainder when 7881 is divided by 984?
9
Calculate the remainder when 14407 is divided by 18.
7
What is the remainder when 4996 is divided by 77?
68
Calculate the remainder when 14942 is divided by 21.
11
What is the remainder when 36913 is divided by 5270?
23
What is the remainder when 1583 is divided by 365?
123
What is the remainder when 633382 is divided by 228?
226
Calculate the remainder when 8989 is divided by 2226.
85
Calculate the remainder when 731 is divided by 137.
46
Calculate the remainder when 24219 is divided by 3458.
13
What is the remainder when 38855 is divided by 12948?
11
What is the remainder when 736 is divided by 179?
20
What is the remainder when 2329 is divided by 193?
13
What is the remainder when 7404 is divided by 362?
164
Calculate the remainder when 63199 is divided by 229.
224
Calculate the remainder when 1664 is divided by 35.
19
Calculate the remainder when 797 is divided by 783.
14
What is the remainder when 3711 is divided by 95?
6
What is the remainder when 1067 is divided by 592?
475
What is the remainder when 9246 is divided by 627?
468
Calculate the remainder when 189121 is divided by 376.
369
What is the remainder when 67894 is divided by 4?
2
Calculate the remainder when 1393 is divided by 189.
70
What is the remainder when 21298 is divided by 150?
148
What is the remainder when 14838 is divided by 371?
369
What is the remainder when 366719 is divided by 122237?
8
Calculate the remainder when 40908 is divided by 356.
324
Calculate the remainder when 4215 is divided by 15.
0
Calculate the remainder when 52894 is divided by 17617.
43
Calculate the remainder when 10714 is divided by 2069.
369
Calculate the remainder when 102871 is divided by 25705.
51
Calculate the remainder when 3624 is divided by 401.
15
What is the remainder when 12665 is divided by 18?
11
Calculate the remainder when 831554 is divided by 1523.
1519
Calculate the remainder when 4222 is divided by 1172.
706
What is the remaind